{"id":7,"date":"2016-09-08T16:00:13","date_gmt":"2016-09-08T14:00:13","guid":{"rendered":"http:\/\/ksi.ue.wroc.pl\/?page_id=7"},"modified":"2016-09-08T16:05:32","modified_gmt":"2016-09-08T14:05:32","slug":"doktoraty-i-habilitacje","status":"publish","type":"page","link":"https:\/\/ksi.ue.wroc.pl\/index.php\/doktoraty-i-habilitacje\/","title":{"rendered":"Doktoraty i habilitacje"},"content":{"rendered":"<h4><img loading=\"lazy\" decoding=\"async\" class=\"alignnone size-medium wp-image-15\" src=\"http:\/\/ksi.ue.wroc.pl\/wp-content\/uploads\/2016\/09\/pexels-photo-102694-300x225.jpeg\" alt=\"pexels-photo-102694\" width=\"300\" height=\"225\" srcset=\"https:\/\/ksi.ue.wroc.pl\/wp-content\/uploads\/2016\/09\/pexels-photo-102694-300x225.jpeg 300w, https:\/\/ksi.ue.wroc.pl\/wp-content\/uploads\/2016\/09\/pexels-photo-102694-768x576.jpeg 768w, https:\/\/ksi.ue.wroc.pl\/wp-content\/uploads\/2016\/09\/pexels-photo-102694-1024x769.jpeg 1024w\" sizes=\"(max-width: 300px) 100vw, 300px\" \/><\/h4>\n<h4><strong>Spis rozpraw habilitacyjnych:<\/strong><\/h4>\n<ul>\n<li>1998: Za\u0142o\u017cenia teoretyczne robotyzacji systemu rachunkowo\u015bci, Andrzej Bytniewski;<\/li>\n<li>2004: Dynamika systemu informacyjnego a racjonalno\u015b\u0107 adaptacyjna: Teoretyczno-metodologiczne podstawy nowego uj\u0119cia zasady racjonalno\u015bci, Jacek Unold;<\/li>\n<\/ul>\n<h4><strong>Spis rozpraw doktorskich:<\/strong><\/h4>\n<ul>\n<li>1994: Zastosowanie algorytm\u00f3w kompresji tekstu w bankowych systemach informatycznych, Rados\u0142aw Pruchnik, promotor: prof. dr hab. Adam Nowicki;<\/li>\n<li>1997: Modele integracji zasob\u00f3w informacyjnych w gospodarczych systemach informatycznych, Cezary St\u0119pniak, promotor: prof. dr hab. Adam Nowicki;<\/li>\n<li>1997: Modernizacja systemu informacyjno-decyzyjnego budownictwa mieszkaniowego w regionie. Podej\u015bcie modelowe., Jacek Unold, promotor: prof. dr hab. Adam Nowicki;<\/li>\n<li>2000: Modelowanie zasob\u00f3w informacyjnych dla systemu monitorowania konkurencyjnego otoczenia przedsi\u0119biorstwa, Dorota Jelonek, promotor: prof. dr hab. Adam Nowicki;<\/li>\n<li>2002: Zarz\u0105dzanie informacj\u0105 w przedsi\u0119biorstwach bran\u017cy informatycznej, Ryszard Zyga\u0142a, promotor: prof. dr hab. Adam Nowicki;<\/li>\n<li>2003: Model systemu informacyjnego controllingu. Podej\u015bcie obiektowe, Iwona Chomiak-Orsa, promotor: prof. dr hab. Adam Nowicki;<\/li>\n<li>2003: Zarz\u0105dzanie outsourcingiem systemu informatycznego du\u017cych organizacji, Ma\u0142gorzata Sobi\u0144ska, promotor: prof. dr hab. Adam Nowicki;<\/li>\n<li>2004: Ocena efektywno\u015bci system\u00f3w informacyjnych marketingu na przyk\u0142adzie du\u017cych przedsi\u0119biorstw, Aneta Jarosz-Pa\u0142ach, promotor: prof. dr hab. Adam Nowicki;<\/li>\n<li>2004: Zarz\u0105dzanie jako\u015bci\u0105 w procesie tworzenia oprogramowania. Podej\u015bcie modelowe, Jacek Szyma\u0144ski, promotor: prof. dr hab. Adam Nowicki;<\/li>\n<li>2006: Zarz\u0105dzanie bezpiecze\u0144stwem systemu informacyjnego na przyk\u0142adzie przedsi\u0119biorstw bran\u017cy telekomunikacyjnej, Artur Rot, promotor: prof. dr hab. Adam Nowicki;<\/li>\n<li>2006: Modelowanie architektury marketingowej bazy danych w przestrzeni rynkowej, Monika Sitarska, promotor: prof. dr hab. Adam Nowicki;<\/li>\n<li>2006: Ilona Pawe\u0142oszek-Korek, promotor: prof. dr hab. Adam Nowicki;<\/li>\n<li>2006: Organizacyjne i technologiczne aspekty infrastrukturalnego systemu informacyjnego rz\u0105dowej administracji skarbowej, Sebastian Gadomski, promotor: prof. dr hab. Adam Nowicki;<\/li>\n<li>2007: Doskonalenie jako\u015bci informacji w jednostkach administracji skarbowej, Wies\u0142awa Gryncewicz, promotor: dr hab. in\u017c. Jacek Unold, prof. UE<\/li>\n<li>2008: Integracja system\u00f3w informatycznych w heterogenicznym \u015brodowisku rozproszonym, Andrzej Niesler, promotor: prof. dr hab. Adam Nowicki;<\/li>\n<li>2010: Modelowanie interakcji z u\u017cytkownikiem w systemach wspomagaj\u0105cych zarz\u0105dzanie wiedz\u0105 w organizacji, Gracja Niesler, promotor: prof. dr hab. Adam Nowicki;<\/li>\n<li>2013: Model procesu utrzymania zintegrowanego systemu informatycznego. Perspektywa dostawcy oprogramowania, Maja Leszczy\u0144ska, promotor: prof. dr hab. Adam Nowicki;<\/li>\n<li>2013: Zastosowanie metod szacowania i technologii informacyjnej w badaniu skuteczno\u015bci promocji w Internecie, Karol \u0141opaci\u0144ski, promotor: prof. dr hab. Adam Nowicki.<\/li>\n<\/ul>\n","protected":false},"excerpt":{"rendered":"<p>Spis rozpraw habilitacyjnych: 1998: Za\u0142o\u017cenia teoretyczne robotyzacji systemu rachunkowo\u015bci, Andrzej Bytniewski; 2004: Dynamika systemu informacyjnego a racjonalno\u015b\u0107 adaptacyjna: Teoretyczno-metodologiczne podstawy nowego uj\u0119cia zasady racjonalno\u015bci, Jacek Unold; Spis rozpraw doktorskich: 1994: Zastosowanie algorytm\u00f3w kompresji tekstu w bankowych systemach informatycznych, Rados\u0142aw Pruchnik, promotor: prof. dr hab. Adam Nowicki; 1997: Modele integracji zasob\u00f3w informacyjnych w gospodarczych systemach informatycznych,&hellip;<\/p>\n","protected":false},"author":1,"featured_media":0,"parent":0,"menu_order":0,"comment_status":"closed","ping_status":"closed","template":"","meta":{"footnotes":""},"_links":{"self":[{"href":"https:\/\/ksi.ue.wroc.pl\/index.php\/wp-json\/wp\/v2\/pages\/7"}],"collection":[{"href":"https:\/\/ksi.ue.wroc.pl\/index.php\/wp-json\/wp\/v2\/pages"}],"about":[{"href":"https:\/\/ksi.ue.wroc.pl\/index.php\/wp-json\/wp\/v2\/types\/page"}],"author":[{"embeddable":true,"href":"https:\/\/ksi.ue.wroc.pl\/index.php\/wp-json\/wp\/v2\/users\/1"}],"replies":[{"embeddable":true,"href":"https:\/\/ksi.ue.wroc.pl\/index.php\/wp-json\/wp\/v2\/comments?post=7"}],"version-history":[{"count":2,"href":"https:\/\/ksi.ue.wroc.pl\/index.php\/wp-json\/wp\/v2\/pages\/7\/revisions"}],"predecessor-version":[{"id":16,"href":"https:\/\/ksi.ue.wroc.pl\/index.php\/wp-json\/wp\/v2\/pages\/7\/revisions\/16"}],"wp:attachment":[{"href":"https:\/\/ksi.ue.wroc.pl\/index.php\/wp-json\/wp\/v2\/media?parent=7"}],"curies":[{"name":"wp","href":"https:\/\/api.w.org\/{rel}","templated":true}]}}