{"id":628,"date":"2016-10-17T09:23:43","date_gmt":"2016-10-17T07:23:43","guid":{"rendered":"http:\/\/ksi.ue.wroc.pl\/?page_id=628"},"modified":"2020-01-20T10:03:09","modified_gmt":"2020-01-20T09:03:09","slug":"konsultacje-pracownikow","status":"publish","type":"page","link":"https:\/\/ksi.ue.wroc.pl\/index.php\/konsultacje-pracownikow\/","title":{"rendered":"Konsultacje pracownik\u00f3w"},"content":{"rendered":"<p style=\"text-align: center;\"><strong>KONSULTACJE PRACOWNIK\u00d3W<br \/>\nKATEDRY SYSTEM\u00d3W INFORMACYJNYCH<\/strong><\/p>\n<p style=\"text-align: center;\"><strong>SEMESTR LETNI 2019\/2020<\/strong><\/p>\n<table style=\"height: 284px; width: 617px;\" width=\"942\">\n<tbody>\n<tr style=\"height: 26px;\">\n<td style=\"height: 26px; width: 47px;\"><strong>l.p.<\/strong><\/td>\n<td style=\"height: 26px; width: 212px;\"><strong>Imi\u0119 i nazwisko<\/strong><\/td>\n<td style=\"height: 26px; width: 177px;\"><strong>Dzie\u0144 konsultacji<\/strong><\/td>\n<td style=\"height: 26px; width: 181px;\"><strong>Godziny konsultacji<\/strong><\/td>\n<\/tr>\n<tr style=\"height: 26px;\">\n<td style=\"height: 26px; width: 47px;\">1.<\/td>\n<td style=\"height: 26px; width: 212px;\">Prof. Bogdan Franczyk<\/td>\n<td style=\"height: 26px; width: 177px;\"><\/td>\n<td style=\"height: 26px; width: 181px;\"><\/td>\n<\/tr>\n<tr style=\"height: 26px;\">\n<td style=\"height: 26px; width: 47px;\">2.<\/td>\n<td style=\"height: 26px; width: 212px;\">Dr Wies\u0142awa Gryncewicz<\/td>\n<td style=\"height: 26px; width: 177px;\"><\/td>\n<td style=\"height: 26px; width: 181px;\"><\/td>\n<\/tr>\n<tr style=\"height: 26px;\">\n<td style=\"height: 26px; width: 47px;\">3<\/td>\n<td style=\"height: 26px; width: 212px;\">Dr Maja Leszczy\u0144ska<\/td>\n<td style=\"height: 26px; width: 177px;\"><\/td>\n<td style=\"height: 26px; width: 181px;\"><\/td>\n<\/tr>\n<tr style=\"height: 26px;\">\n<td style=\"height: 26px; width: 47px;\">4.<\/td>\n<td style=\"height: 26px; width: 212px;\">Dr Karol \u0141opaci\u0144ski<\/td>\n<td style=\"height: 26px; width: 177px;\"><\/td>\n<td style=\"height: 26px; width: 181px;\"><\/td>\n<\/tr>\n<tr style=\"height: 26px;\">\n<td style=\"height: 26px; width: 47px;\">5.<\/td>\n<td style=\"height: 26px; width: 212px;\">Dr \u0141ukasz \u0141ysik<\/td>\n<td style=\"height: 26px; width: 177px;\"><\/td>\n<td style=\"height: 26px; width: 181px;\"><\/td>\n<\/tr>\n<tr style=\"height: 26px;\">\n<td style=\"height: 26px; width: 47px;\">6.<\/td>\n<td style=\"height: 26px; width: 212px;\">Prof. Leszek Maciaszek<\/td>\n<td style=\"height: 26px; width: 177px;\"><\/td>\n<td style=\"height: 26px; width: 181px;\"><\/td>\n<\/tr>\n<tr style=\"height: 26px;\">\n<td style=\"height: 26px; width: 47px;\">7.<\/td>\n<td style=\"height: 26px; width: 212px;\">Dr Andrzej Niesler<\/td>\n<td style=\"height: 26px; width: 177px;\"><\/td>\n<td style=\"height: 26px; width: 181px;\"><\/td>\n<\/tr>\n<tr style=\"height: 26px;\">\n<td style=\"height: 26px; width: 47px;\">8.<\/td>\n<td style=\"height: 26px; width: 212px;\">Dr Gracja Niesler<\/td>\n<td style=\"height: 26px; width: 177px;\"><\/td>\n<td style=\"height: 26px; width: 181px;\"><\/td>\n<\/tr>\n<tr style=\"height: 26px;\">\n<td style=\"height: 26px; width: 47px;\">9.<\/td>\n<td style=\"height: 26px; width: 212px;\">Dr Artur Rot<\/td>\n<td style=\"height: 26px; width: 177px;\"><\/td>\n<td style=\"height: 26px; width: 181px;\"><\/td>\n<\/tr>\n<tr style=\"height: 24.4445px;\">\n<td style=\"height: 24px; width: 47px;\">10.<\/td>\n<td style=\"height: 26px; width: 212px;\">Dr Monika Sitarska<\/td>\n<td style=\"height: 24px; width: 177px;\"><\/td>\n<td style=\"height: 24px; width: 181px;\"><\/td>\n<\/tr>\n<tr>\n<td style=\"width: 47px;\">11.<\/td>\n<td style=\"height: 24px; width: 212px;\">Dr Ryszard Zyga\u0142a<\/td>\n<td style=\"width: 177px;\"><\/td>\n<td style=\"width: 181px;\"><\/td>\n<\/tr>\n<\/tbody>\n<\/table>\n<p style=\"text-align: right;\"><span style=\"color: #808080;\">Ostatnia aktualizacja: 20.01.2020<\/span><\/p>\n","protected":false},"excerpt":{"rendered":"<p>KONSULTACJE PRACOWNIK\u00d3W KATEDRY SYSTEM\u00d3W INFORMACYJNYCH SEMESTR LETNI 2019\/2020 l.p. Imi\u0119 i nazwisko Dzie\u0144 konsultacji Godziny konsultacji 1. Prof. Bogdan Franczyk 2. Dr Wies\u0142awa Gryncewicz 3 Dr Maja Leszczy\u0144ska 4. Dr Karol \u0141opaci\u0144ski 5. Dr \u0141ukasz \u0141ysik 6. Prof. Leszek Maciaszek 7. Dr Andrzej Niesler 8. Dr Gracja Niesler 9. Dr Artur Rot 10. Dr Monika&hellip;<\/p>\n","protected":false},"author":1,"featured_media":0,"parent":0,"menu_order":0,"comment_status":"closed","ping_status":"closed","template":"","meta":{"footnotes":""},"_links":{"self":[{"href":"https:\/\/ksi.ue.wroc.pl\/index.php\/wp-json\/wp\/v2\/pages\/628"}],"collection":[{"href":"https:\/\/ksi.ue.wroc.pl\/index.php\/wp-json\/wp\/v2\/pages"}],"about":[{"href":"https:\/\/ksi.ue.wroc.pl\/index.php\/wp-json\/wp\/v2\/types\/page"}],"author":[{"embeddable":true,"href":"https:\/\/ksi.ue.wroc.pl\/index.php\/wp-json\/wp\/v2\/users\/1"}],"replies":[{"embeddable":true,"href":"https:\/\/ksi.ue.wroc.pl\/index.php\/wp-json\/wp\/v2\/comments?post=628"}],"version-history":[{"count":17,"href":"https:\/\/ksi.ue.wroc.pl\/index.php\/wp-json\/wp\/v2\/pages\/628\/revisions"}],"predecessor-version":[{"id":1322,"href":"https:\/\/ksi.ue.wroc.pl\/index.php\/wp-json\/wp\/v2\/pages\/628\/revisions\/1322"}],"wp:attachment":[{"href":"https:\/\/ksi.ue.wroc.pl\/index.php\/wp-json\/wp\/v2\/media?parent=628"}],"curies":[{"name":"wp","href":"https:\/\/api.w.org\/{rel}","templated":true}]}}