{"id":62,"date":"2016-09-08T16:44:56","date_gmt":"2016-09-08T14:44:56","guid":{"rendered":"http:\/\/ksi.ue.wroc.pl\/?page_id=62"},"modified":"2019-07-08T12:24:27","modified_gmt":"2019-07-08T10:24:27","slug":"wspolpraca-miedzynarodowa","status":"publish","type":"page","link":"https:\/\/ksi.ue.wroc.pl\/index.php\/wspolpraca-miedzynarodowa\/","title":{"rendered":"Wsp\u00f3\u0142praca mi\u0119dzynarodowa"},"content":{"rendered":"<p><img loading=\"lazy\" decoding=\"async\" class=\"size-medium wp-image-63 alignleft\" src=\"http:\/\/ksi.ue.wroc.pl\/wp-content\/uploads\/2016\/09\/woman-hand-smartphone-desk-300x200.jpg\" alt=\"woman-hand-smartphone-desk\" width=\"300\" height=\"200\" srcset=\"https:\/\/ksi.ue.wroc.pl\/wp-content\/uploads\/2016\/09\/woman-hand-smartphone-desk-300x200.jpg 300w, https:\/\/ksi.ue.wroc.pl\/wp-content\/uploads\/2016\/09\/woman-hand-smartphone-desk-768x512.jpg 768w, https:\/\/ksi.ue.wroc.pl\/wp-content\/uploads\/2016\/09\/woman-hand-smartphone-desk-1024x683.jpg 1024w\" sizes=\"(max-width: 300px) 100vw, 300px\" \/>Pracownicy Katedry utrzymuj\u0105 sta\u0142e kontakty z krajowymi i zagranicznymi instytucjami i \u015brodowiskami naukowymi. Nawi\u0105zano formy wsp\u00f3\u0142pracy z plac\u00f3wkami akademickimi na \u015bwiecie, m.in. w USA, Australii, Indiach, Szwajcarii, Portugalii, Francji, Austrii oraz Niemczech.<\/p>\n<p>W ramach porozumienia dotycz\u0105cego mi\u0119dzynarodowej wymiany student\u00f3w, Katedra wsp\u00f3\u0142pracuje z wieloma Uczelniami zagranicznymi w ramach programu <a href=\"http:\/\/www.is-link.org\/\" target=\"_blank\" rel=\"noopener noreferrer\">IS:link<\/a> &#8211; the <strong>International Exchange Network for students in Information Systems<\/strong> &#8211; <strong>IS:link<\/strong><\/p>\n<p>Wsp\u00f3\u0142praca krajowa obejmuje kontakty w wieloma Uczelniami, w\u015br\u00f3d kt\u00f3rych wymieni\u0107 mo\u017cna takie jak: Szko\u0142a G\u0142\u00f3wna Handlowa w Warszawie, Uniwersytet Ekonomiczny w Poznaniu, Uniwersytet Ekonomiczny w Katowicach, Uniwersytet Szczeci\u0144ski, Politechnika Cz\u0119stochowska, Politechnika Wroc\u0142awska, Uniwersytet Medyczny we Wroc\u0142awiu i wiele innych.<\/p>\n<p>W ramach projekt\u00f3w i bada\u0144 naukowych oraz wsp\u00f3\u0142pracy dydaktycznej pracownicy Katedry wsp\u00f3\u0142pracuj\u0105 m.in. z nast\u0119puj\u0105cymi uczelniami, instytucjami i firmami:<\/p>\n<p><img loading=\"lazy\" decoding=\"async\" class=\" wp-image-123 aligncenter\" src=\"http:\/\/ksi.ue.wroc.pl\/wp-content\/uploads\/2016\/09\/cooper-300x200.jpg\" alt=\"cooper\" width=\"684\" height=\"455\" srcset=\"https:\/\/ksi.ue.wroc.pl\/wp-content\/uploads\/2016\/09\/cooper-300x200.jpg 300w, https:\/\/ksi.ue.wroc.pl\/wp-content\/uploads\/2016\/09\/cooper-768x512.jpg 768w, https:\/\/ksi.ue.wroc.pl\/wp-content\/uploads\/2016\/09\/cooper.jpg 850w\" sizes=\"(max-width: 684px) 100vw, 684px\" \/><\/p>\n<p style=\"text-align: left;\"><img loading=\"lazy\" decoding=\"async\" class=\"alignnone wp-image-528\" src=\"http:\/\/ksi.ue.wroc.pl\/wp-content\/uploads\/2016\/09\/KetteringWordmark-300x232.png\" alt=\"ketteringwordmark\" width=\"210\" height=\"162\" srcset=\"https:\/\/ksi.ue.wroc.pl\/wp-content\/uploads\/2016\/09\/KetteringWordmark-300x232.png 300w, https:\/\/ksi.ue.wroc.pl\/wp-content\/uploads\/2016\/09\/KetteringWordmark-768x593.png 768w, https:\/\/ksi.ue.wroc.pl\/wp-content\/uploads\/2016\/09\/KetteringWordmark-1024x791.png 1024w\" sizes=\"(max-width: 210px) 100vw, 210px\" \/>\u00a0 \u00a0 \u00a0 \u00a0 \u00a0 \u00a0 \u00a0 \u00a0 \u00a0 \u00a0 \u00a0 \u00a0 \u00a0 \u00a0 \u00a0 \u00a0 \u00a0\u00a0<img loading=\"lazy\" decoding=\"async\" class=\"alignnone wp-image-529\" src=\"http:\/\/ksi.ue.wroc.pl\/wp-content\/uploads\/2016\/09\/logo_ctg-compliant-300x24.jpg\" alt=\"logo_ctg-compliant\" width=\"334\" height=\"27\" srcset=\"https:\/\/ksi.ue.wroc.pl\/wp-content\/uploads\/2016\/09\/logo_ctg-compliant-300x24.jpg 300w, https:\/\/ksi.ue.wroc.pl\/wp-content\/uploads\/2016\/09\/logo_ctg-compliant-768x62.jpg 768w, https:\/\/ksi.ue.wroc.pl\/wp-content\/uploads\/2016\/09\/logo_ctg-compliant.jpg 890w\" sizes=\"(max-width: 334px) 100vw, 334px\" \/><\/p>\n<p>Przy organizacji mi\u0119dzynarodowych konferencji naukowych Katedra wsp\u00f3\u0142pracuje z portugalskim Instytutem INSTICC (the Institute for Systems and Technologies of Information, Control and Communication). Efektem tej wsp\u00f3\u0142pracy jest wsp\u00f3\u0142organizacja i uczestnictwo pracownik\u00f3w Katedry w wielu presti\u017cowych konferencjach (<a href=\"http:\/\/ksi.ue.wroc.pl\/index.php\/konferencje\/\">czytaj wi\u0119cej<\/a>).<\/p>\n<p><img loading=\"lazy\" decoding=\"async\" class=\"alignnone wp-image-249\" src=\"http:\/\/ksi.ue.wroc.pl\/wp-content\/uploads\/2016\/09\/insticc2-300x112.jpg\" alt=\"insticc2\" width=\"688\" height=\"257\" srcset=\"https:\/\/ksi.ue.wroc.pl\/wp-content\/uploads\/2016\/09\/insticc2-300x112.jpg 300w, https:\/\/ksi.ue.wroc.pl\/wp-content\/uploads\/2016\/09\/insticc2-768x287.jpg 768w, https:\/\/ksi.ue.wroc.pl\/wp-content\/uploads\/2016\/09\/insticc2-1024x383.jpg 1024w, https:\/\/ksi.ue.wroc.pl\/wp-content\/uploads\/2016\/09\/insticc2.jpg 1491w\" sizes=\"(max-width: 688px) 100vw, 688px\" \/><\/p>\n","protected":false},"excerpt":{"rendered":"<p>Pracownicy Katedry utrzymuj\u0105 sta\u0142e kontakty z krajowymi i zagranicznymi instytucjami i \u015brodowiskami naukowymi. Nawi\u0105zano formy wsp\u00f3\u0142pracy z plac\u00f3wkami akademickimi na \u015bwiecie, m.in. w USA, Australii, Indiach, Szwajcarii, Portugalii, Francji, Austrii oraz Niemczech. W ramach porozumienia dotycz\u0105cego mi\u0119dzynarodowej wymiany student\u00f3w, Katedra wsp\u00f3\u0142pracuje z wieloma Uczelniami zagranicznymi w ramach programu IS:link &#8211; the International Exchange Network for&hellip;<\/p>\n","protected":false},"author":1,"featured_media":0,"parent":0,"menu_order":0,"comment_status":"closed","ping_status":"closed","template":"","meta":{"footnotes":""},"_links":{"self":[{"href":"https:\/\/ksi.ue.wroc.pl\/index.php\/wp-json\/wp\/v2\/pages\/62"}],"collection":[{"href":"https:\/\/ksi.ue.wroc.pl\/index.php\/wp-json\/wp\/v2\/pages"}],"about":[{"href":"https:\/\/ksi.ue.wroc.pl\/index.php\/wp-json\/wp\/v2\/types\/page"}],"author":[{"embeddable":true,"href":"https:\/\/ksi.ue.wroc.pl\/index.php\/wp-json\/wp\/v2\/users\/1"}],"replies":[{"embeddable":true,"href":"https:\/\/ksi.ue.wroc.pl\/index.php\/wp-json\/wp\/v2\/comments?post=62"}],"version-history":[{"count":7,"href":"https:\/\/ksi.ue.wroc.pl\/index.php\/wp-json\/wp\/v2\/pages\/62\/revisions"}],"predecessor-version":[{"id":1234,"href":"https:\/\/ksi.ue.wroc.pl\/index.php\/wp-json\/wp\/v2\/pages\/62\/revisions\/1234"}],"wp:attachment":[{"href":"https:\/\/ksi.ue.wroc.pl\/index.php\/wp-json\/wp\/v2\/media?parent=62"}],"curies":[{"name":"wp","href":"https:\/\/api.w.org\/{rel}","templated":true}]}}