{"id":50,"date":"2016-09-08T16:35:29","date_gmt":"2016-09-08T14:35:29","guid":{"rendered":"http:\/\/ksi.ue.wroc.pl\/?page_id=50"},"modified":"2020-01-20T10:07:55","modified_gmt":"2020-01-20T09:07:55","slug":"projekt-actgo-gate","status":"publish","type":"page","link":"https:\/\/ksi.ue.wroc.pl\/index.php\/projekt-actgo-gate\/","title":{"rendered":"Projekt ActGo-Gate"},"content":{"rendered":"<p><img loading=\"lazy\" decoding=\"async\" class=\"size-medium wp-image-51 alignleft\" src=\"http:\/\/ksi.ue.wroc.pl\/wp-content\/uploads\/2016\/09\/project-300x200.jpg\" alt=\"project\" width=\"300\" height=\"200\" srcset=\"https:\/\/ksi.ue.wroc.pl\/wp-content\/uploads\/2016\/09\/project-300x200.jpg 300w, https:\/\/ksi.ue.wroc.pl\/wp-content\/uploads\/2016\/09\/project-768x512.jpg 768w, https:\/\/ksi.ue.wroc.pl\/wp-content\/uploads\/2016\/09\/project-1024x683.jpg 1024w\" sizes=\"(max-width: 300px) 100vw, 300px\" \/>Uniwersytet Ekonomiczny we Wroc\u0142awiu zosta\u0142 jednym z partner\u00f3w w mi\u0119dzynarodowym konsorcjum, kt\u00f3re otrzyma\u0142o grant na finansowanie projektu w ramach sz\u00f3stego mi\u0119dzynarodowego konkursu w Programie Wsp\u00f3lnym Ambient Assisted Living (AAL).<br \/>\nBud\u017cet projektu wynosi 1,5 mln z\u0142 na okres 3 lat, a tytu\u0142 projektu to: \u201eActive Retiree and Golden Workers Gate\u201d (ActGo-Gate), czyli \u201eBramy do aktywno\u015bci w wieku dojrza\u0142ym\u201d.<\/p>\n<p>Pa\u0144stwa cz\u0142onkowskie Unii Europejskiej oraz trzy pa\u0144stwa stowarzyszone (Izrael, Norwegia, Szwajcaria), dostrzegaj\u0105c zjawisko starzenia si\u0119 spo\u0142ecze\u0144stwa, wysz\u0142y z inicjatyw\u0105 badawczo-rozwojow\u0105, kt\u00f3rej celem jest poprawa jako\u015bci \u017cycia os\u00f3b dojrza\u0142ych oraz aktywnych emeryt\u00f3w poprzez wykorzystanie technologii informacyjno-komunikacyjnych do samorealizacji i aktywizacji na polu \u017cycia zawodowego i spo\u0142ecznego. W ramach mi\u0119dzynarodowego konsorcjum instytucji i uczelni, w kt\u00f3rym s\u0105: Uniwersytet St. Gallen \u2212 Institute of Information Management, Business Engineering Institute, Benevol St. Gallen i Clavis IT (ze Szwajcarii) oraz Entwicklungszentrum Gut altwerden GmbH i Alster Service Center GmbH (z Niemiec), nasz Uniwersytet zajmuje si\u0119 stworzeniem elektronicznej platformy oferowania, zamawiania, dostarczania i rozliczania us\u0142ug dla konsument\u00f3w, adresuj\u0105c pomys\u0142 w\u0142a\u015bnie do os\u00f3b starszych. Platforma ta\u00a0nosi nazw\u0119 ActGo-Gate.<\/p>\n<p>Projekt wystartowa\u0142 1 grudnia 2014 roku i zako\u0144czy\u0142 si\u0119 w 2018 roku. By\u0142 wynikiem wsp\u00f3\u0142pracy z Uniwersytetem w St. Gallen w ramach umowy Independent Living realizowanej w Katedrze System\u00f3w Informacyjnych. Opiekunem naukowym projektu by\u0142 prof. Leszek Maciaszek, a funkcj\u0119 kierownika pe\u0142ni\u0142a dr Wies\u0142awa Gryncewicz.<\/p>\n<p>Wi\u0119cej na temat projektu mo\u017cna dowiedzie\u0107 si\u0119 na stronie projektu: <a href=\"http:\/\/actgo-gate.ue.wroc.pl\/\">http:\/\/actgo-gate.ue.wroc.pl\/<\/a><\/p>\n","protected":false},"excerpt":{"rendered":"<p>Uniwersytet Ekonomiczny we Wroc\u0142awiu zosta\u0142 jednym z partner\u00f3w w mi\u0119dzynarodowym konsorcjum, kt\u00f3re otrzyma\u0142o grant na finansowanie projektu w ramach sz\u00f3stego mi\u0119dzynarodowego konkursu w Programie Wsp\u00f3lnym Ambient Assisted Living (AAL). Bud\u017cet projektu wynosi 1,5 mln z\u0142 na okres 3 lat, a tytu\u0142 projektu to: \u201eActive Retiree and Golden Workers Gate\u201d (ActGo-Gate), czyli \u201eBramy do aktywno\u015bci w&hellip;<\/p>\n","protected":false},"author":1,"featured_media":0,"parent":0,"menu_order":0,"comment_status":"closed","ping_status":"closed","template":"","meta":{"footnotes":""},"_links":{"self":[{"href":"https:\/\/ksi.ue.wroc.pl\/index.php\/wp-json\/wp\/v2\/pages\/50"}],"collection":[{"href":"https:\/\/ksi.ue.wroc.pl\/index.php\/wp-json\/wp\/v2\/pages"}],"about":[{"href":"https:\/\/ksi.ue.wroc.pl\/index.php\/wp-json\/wp\/v2\/types\/page"}],"author":[{"embeddable":true,"href":"https:\/\/ksi.ue.wroc.pl\/index.php\/wp-json\/wp\/v2\/users\/1"}],"replies":[{"embeddable":true,"href":"https:\/\/ksi.ue.wroc.pl\/index.php\/wp-json\/wp\/v2\/comments?post=50"}],"version-history":[{"count":2,"href":"https:\/\/ksi.ue.wroc.pl\/index.php\/wp-json\/wp\/v2\/pages\/50\/revisions"}],"predecessor-version":[{"id":1323,"href":"https:\/\/ksi.ue.wroc.pl\/index.php\/wp-json\/wp\/v2\/pages\/50\/revisions\/1323"}],"wp:attachment":[{"href":"https:\/\/ksi.ue.wroc.pl\/index.php\/wp-json\/wp\/v2\/media?parent=50"}],"curies":[{"name":"wp","href":"https:\/\/api.w.org\/{rel}","templated":true}]}}