{"id":38,"date":"2016-09-08T16:27:45","date_gmt":"2016-09-08T14:27:45","guid":{"rendered":"http:\/\/ksi.ue.wroc.pl\/?page_id=38"},"modified":"2020-02-10T21:34:27","modified_gmt":"2020-02-10T20:34:27","slug":"kontakt","status":"publish","type":"page","link":"https:\/\/ksi.ue.wroc.pl\/index.php\/kontakt\/","title":{"rendered":"Kontakt"},"content":{"rendered":"<p><center><img loading=\"lazy\" decoding=\"async\" class=\"alignnone size-medium wp-image-39\" src=\"http:\/\/ksi.ue.wroc.pl\/wp-content\/uploads\/2016\/09\/contact-300x200.jpg\" alt=\"contact\" width=\"300\" height=\"200\" srcset=\"https:\/\/ksi.ue.wroc.pl\/wp-content\/uploads\/2016\/09\/contact-300x200.jpg 300w, https:\/\/ksi.ue.wroc.pl\/wp-content\/uploads\/2016\/09\/contact-768x512.jpg 768w, https:\/\/ksi.ue.wroc.pl\/wp-content\/uploads\/2016\/09\/contact-1024x683.jpg 1024w\" sizes=\"(max-width: 300px) 100vw, 300px\" \/><\/center><\/p>\n<p style=\"text-align: center;\"><strong>Katedra System\u00f3w Informacyjnych<\/strong><br \/>\nWydzia\u0142 Zarz\u0105dzania<br \/>\nUniwersytet Ekonomiczny we Wroc\u0142awiu<br \/>\nul. Komandorska 118\/120<br \/>\n53-345 Wroc\u0142aw<br \/>\n<a href=\"http:\/\/www.ksi.ue.wroc.pl\/\">www.ksi.ue.wroc.pl<br \/>\n<\/a><a href=\"https:\/\/www.facebook.com\/ksi.ue.wroc\/\">www.facebook.com\/ksi.ue.wroc\/<\/a><a href=\"http:\/\/www.ksi.ue.wroc.pl\/\"><br \/>\n<\/a><a href=\"http:\/\/www.ue.wroc.pl\/jednostki\/katedra_systemow_informacyjnych.html\">www.ue.wroc.pl\/jednostki\/katedra_systemow_informacyjnych.html<\/a><\/p>\n<p style=\"text-align: center;\"><strong>Sekretariat Katedry:<\/strong><br \/>\nmgr Renata Ga\u0142aszkiewicz<br \/>\npok. 714 bud. Z<br \/>\ntel. +48 71 3680 379<br \/>\ne-mail: <a href=\"mailto:renata.galaszkiewicz@ue.wroc.pl\">renata.galaszkiewicz@ue.wroc.pl<\/a><\/p>\n<p style=\"text-align: center;\"><strong>Kierownik Katedry:<\/strong><br \/>\ndr Artur Rot<br \/>\npok. 708 bud. Z<br \/>\ntel. +48 71 3680 379<br \/>\ne-mail: <a href=\"mailto:artur.rot@ue.wroc.pl\">artur.rot@ue.wroc.pl<\/a><\/p>\n<p><center><iframe loading=\"lazy\" style=\"border: 0;\" src=\"https:\/\/www.google.com\/maps\/embed?pb=!1m18!1m12!1m3!1d2505.9413794146494!2d17.022567314829704!3d51.09108934887842!2m3!1f0!2f0!3f0!3m2!1i1024!2i768!4f13.1!3m3!1m2!1s0x470fc2420c36d603%3A0x6c6828a9cab871ab!2sKomandorska+118%2F120%2C+Wroc%C5%82aw!5e0!3m2!1spl!2spl!4v1473291000087\" width=\"400\" height=\"300\" frameborder=\"0\" allowfullscreen=\"allowfullscreen\"><\/iframe><\/center><center>\u00a0<\/center><center>\u00a0<\/center><center><\/center><center><\/center><center><img loading=\"lazy\" decoding=\"async\" class=\"alignnone size-full wp-image-1355\" src=\"http:\/\/ksi.ue.wroc.pl\/wp-content\/uploads\/2020\/02\/eb3cae9267c0222dc0ed43fe5f20e6fc.png\" alt=\"\" width=\"135\" height=\"135\" \/><\/center><\/p>\n<h6 style=\"text-align: center;\"><a href=\"http:\/\/ksi.ue.wroc.pl\">ksi.ue.wroc.pl<\/a><\/h6>\n","protected":false},"excerpt":{"rendered":"<p>Katedra System\u00f3w Informacyjnych Wydzia\u0142 Zarz\u0105dzania Uniwersytet Ekonomiczny we Wroc\u0142awiu ul. Komandorska 118\/120 53-345 Wroc\u0142aw www.ksi.ue.wroc.pl www.facebook.com\/ksi.ue.wroc\/ www.ue.wroc.pl\/jednostki\/katedra_systemow_informacyjnych.html Sekretariat Katedry: mgr Renata Ga\u0142aszkiewicz pok. 714 bud. Z tel. +48 71 3680 379 e-mail: renata.galaszkiewicz@ue.wroc.pl Kierownik Katedry: dr Artur Rot pok. 708 bud. Z tel. +48 71 3680 379 e-mail: artur.rot@ue.wroc.pl \u00a0\u00a0 ksi.ue.wroc.pl<\/p>\n","protected":false},"author":1,"featured_media":0,"parent":0,"menu_order":0,"comment_status":"closed","ping_status":"closed","template":"","meta":{"footnotes":""},"_links":{"self":[{"href":"https:\/\/ksi.ue.wroc.pl\/index.php\/wp-json\/wp\/v2\/pages\/38"}],"collection":[{"href":"https:\/\/ksi.ue.wroc.pl\/index.php\/wp-json\/wp\/v2\/pages"}],"about":[{"href":"https:\/\/ksi.ue.wroc.pl\/index.php\/wp-json\/wp\/v2\/types\/page"}],"author":[{"embeddable":true,"href":"https:\/\/ksi.ue.wroc.pl\/index.php\/wp-json\/wp\/v2\/users\/1"}],"replies":[{"embeddable":true,"href":"https:\/\/ksi.ue.wroc.pl\/index.php\/wp-json\/wp\/v2\/comments?post=38"}],"version-history":[{"count":11,"href":"https:\/\/ksi.ue.wroc.pl\/index.php\/wp-json\/wp\/v2\/pages\/38\/revisions"}],"predecessor-version":[{"id":1358,"href":"https:\/\/ksi.ue.wroc.pl\/index.php\/wp-json\/wp\/v2\/pages\/38\/revisions\/1358"}],"wp:attachment":[{"href":"https:\/\/ksi.ue.wroc.pl\/index.php\/wp-json\/wp\/v2\/media?parent=38"}],"curies":[{"name":"wp","href":"https:\/\/api.w.org\/{rel}","templated":true}]}}