{"id":281,"date":"2016-09-12T00:39:52","date_gmt":"2016-09-11T22:39:52","guid":{"rendered":"http:\/\/ksi.ue.wroc.pl\/?page_id=281"},"modified":"2016-10-02T23:11:28","modified_gmt":"2016-10-02T21:11:28","slug":"doktorat-honoris-causa","status":"publish","type":"page","link":"https:\/\/ksi.ue.wroc.pl\/index.php\/doktorat-honoris-causa\/","title":{"rendered":"Doktorat Honoris Causa"},"content":{"rendered":"<p><img loading=\"lazy\" decoding=\"async\" class=\"size-medium wp-image-282 alignleft\" src=\"http:\/\/ksi.ue.wroc.pl\/wp-content\/uploads\/2016\/09\/H.Oesterle-300x225.jpg\" alt=\"h-oesterle\" width=\"300\" height=\"225\" srcset=\"https:\/\/ksi.ue.wroc.pl\/wp-content\/uploads\/2016\/09\/H.Oesterle-300x225.jpg 300w, https:\/\/ksi.ue.wroc.pl\/wp-content\/uploads\/2016\/09\/H.Oesterle.jpg 400w\" sizes=\"(max-width: 300px) 100vw, 300px\" \/>5 marca 2015 r. odby\u0142o si\u0119 \u015awi\u0119to Uniwersytetu Ekonomicznego we Wroc\u0142awiu. G\u0142\u00f3wnym wydarzeniem tej uroczysto\u015bci by\u0142o nadanie prof. dr. Hubertowi \u00d6sterle z Uniwersytetu w St. Gallen tytu\u0142u doktora honoris causa Uniwersytetu Ekonomicznego we Wroc\u0142awiu. Promotorem honorowego doktoratu by\u0142 prof. Bogdan Franczyk, a przewodnicz\u0105cym komitetu organizacyjnego by\u0142 dr Artur Rot.\u00a0W uroczysto\u015bci obok przedstawicieli w\u0142adz Dolnego \u015al\u0105ska, miasta Wroc\u0142awia, w\u0142adz wielu uczelni krajowych, brali udzia\u0142 tak\u017ce zaproszeni go\u015bcie z uczelni z Niemiec i Szwajcarii.<\/p>\n<p>Wa\u017cnym elementem aktywno\u015bci Prof. H. Oesterle jest jego wsp\u00f3\u0142praca z Katedr\u0105 System\u00f3w Informacyjnych. Wsp\u00f3\u0142praca ta dotyczy m.in. prac badawczo-rozwojowych w ramach projektu Independent Living. Efektem tych prac jest m.in. platforma informatyczna \u201eAppointment Coordination Service\u201d s\u0142u\u017c\u0105ca do koordynacji i zarz\u0105dzania zamawianiem oraz elektronicznej dystrybucji szeroko poj\u0119tych us\u0142ug. Dzi\u0119ki wsp\u00f3\u0142pracy zespo\u0142u profesora i Pracownik\u00f3w Katedry System\u00f3w Informacyjnych pozyskano m.in. grant ActGo-Gate &#8211; Active Retiree and Golden Workers Gate, realizowany w ramach konsorcjum partner\u00f3w z Szwajcarii, Niemiec i Polski. Pozyskane \u015brodki finansowe na projekt to \u0142\u0105cznie ponad 1 mln. 600 tys. Euro, z czego suma 375 tys. Euro przypad\u0142a dla UE we Wroc\u0142awiu\u00a0W zamierzeniach konsorcjum s\u0105 kolejne granty i projekty rozwojowe we wsp\u00f3\u0142pracy z kilkoma instytucjami i organizacjami z Dolnego \u015al\u0105ska.<\/p>\n<p><img loading=\"lazy\" decoding=\"async\" class=\"alignnone wp-image-447\" src=\"http:\/\/ksi.ue.wroc.pl\/wp-content\/uploads\/2016\/09\/1-300x200.jpg\" alt=\"1\" width=\"359\" height=\"240\" srcset=\"https:\/\/ksi.ue.wroc.pl\/wp-content\/uploads\/2016\/09\/1-300x200.jpg 300w, https:\/\/ksi.ue.wroc.pl\/wp-content\/uploads\/2016\/09\/1-768x513.jpg 768w, https:\/\/ksi.ue.wroc.pl\/wp-content\/uploads\/2016\/09\/1.jpg 900w\" sizes=\"(max-width: 359px) 100vw, 359px\" \/> <img loading=\"lazy\" decoding=\"async\" class=\"alignnone wp-image-448\" src=\"http:\/\/ksi.ue.wroc.pl\/wp-content\/uploads\/2016\/09\/3-300x199.jpg\" alt=\"3\" width=\"360\" height=\"239\" srcset=\"https:\/\/ksi.ue.wroc.pl\/wp-content\/uploads\/2016\/09\/3-300x199.jpg 300w, https:\/\/ksi.ue.wroc.pl\/wp-content\/uploads\/2016\/09\/3-768x510.jpg 768w, https:\/\/ksi.ue.wroc.pl\/wp-content\/uploads\/2016\/09\/3.jpg 900w\" sizes=\"(max-width: 360px) 100vw, 360px\" \/> <img loading=\"lazy\" decoding=\"async\" class=\"alignnone wp-image-449\" src=\"http:\/\/ksi.ue.wroc.pl\/wp-content\/uploads\/2016\/09\/3-3-300x200.jpg\" alt=\"3-3\" width=\"359\" height=\"240\" srcset=\"https:\/\/ksi.ue.wroc.pl\/wp-content\/uploads\/2016\/09\/3-3-300x200.jpg 300w, https:\/\/ksi.ue.wroc.pl\/wp-content\/uploads\/2016\/09\/3-3-768x513.jpg 768w, https:\/\/ksi.ue.wroc.pl\/wp-content\/uploads\/2016\/09\/3-3.jpg 900w\" sizes=\"(max-width: 359px) 100vw, 359px\" \/> <img loading=\"lazy\" decoding=\"async\" class=\"alignnone wp-image-450\" src=\"http:\/\/ksi.ue.wroc.pl\/wp-content\/uploads\/2016\/09\/4-300x201.jpg\" alt=\"4\" width=\"359\" height=\"240\" srcset=\"https:\/\/ksi.ue.wroc.pl\/wp-content\/uploads\/2016\/09\/4-300x201.jpg 300w, https:\/\/ksi.ue.wroc.pl\/wp-content\/uploads\/2016\/09\/4-768x514.jpg 768w, https:\/\/ksi.ue.wroc.pl\/wp-content\/uploads\/2016\/09\/4.jpg 900w\" sizes=\"(max-width: 359px) 100vw, 359px\" \/><\/p>\n","protected":false},"excerpt":{"rendered":"<p>5 marca 2015 r. odby\u0142o si\u0119 \u015awi\u0119to Uniwersytetu Ekonomicznego we Wroc\u0142awiu. G\u0142\u00f3wnym wydarzeniem tej uroczysto\u015bci by\u0142o nadanie prof. dr. Hubertowi \u00d6sterle z Uniwersytetu w St. Gallen tytu\u0142u doktora honoris causa Uniwersytetu Ekonomicznego we Wroc\u0142awiu. Promotorem honorowego doktoratu by\u0142 prof. Bogdan Franczyk, a przewodnicz\u0105cym komitetu organizacyjnego by\u0142 dr Artur Rot.\u00a0W uroczysto\u015bci obok przedstawicieli w\u0142adz Dolnego \u015al\u0105ska,&hellip;<\/p>\n","protected":false},"author":1,"featured_media":0,"parent":0,"menu_order":0,"comment_status":"closed","ping_status":"closed","template":"","meta":{"footnotes":""},"_links":{"self":[{"href":"https:\/\/ksi.ue.wroc.pl\/index.php\/wp-json\/wp\/v2\/pages\/281"}],"collection":[{"href":"https:\/\/ksi.ue.wroc.pl\/index.php\/wp-json\/wp\/v2\/pages"}],"about":[{"href":"https:\/\/ksi.ue.wroc.pl\/index.php\/wp-json\/wp\/v2\/types\/page"}],"author":[{"embeddable":true,"href":"https:\/\/ksi.ue.wroc.pl\/index.php\/wp-json\/wp\/v2\/users\/1"}],"replies":[{"embeddable":true,"href":"https:\/\/ksi.ue.wroc.pl\/index.php\/wp-json\/wp\/v2\/comments?post=281"}],"version-history":[{"count":5,"href":"https:\/\/ksi.ue.wroc.pl\/index.php\/wp-json\/wp\/v2\/pages\/281\/revisions"}],"predecessor-version":[{"id":454,"href":"https:\/\/ksi.ue.wroc.pl\/index.php\/wp-json\/wp\/v2\/pages\/281\/revisions\/454"}],"wp:attachment":[{"href":"https:\/\/ksi.ue.wroc.pl\/index.php\/wp-json\/wp\/v2\/media?parent=281"}],"curies":[{"name":"wp","href":"https:\/\/api.w.org\/{rel}","templated":true}]}}