{"id":215,"date":"2016-09-11T15:01:42","date_gmt":"2016-09-11T13:01:42","guid":{"rendered":"http:\/\/ksi.ue.wroc.pl\/?page_id=215"},"modified":"2020-01-19T22:24:54","modified_gmt":"2020-01-19T21:24:54","slug":"przedmioty-dydaktyczne","status":"publish","type":"page","link":"https:\/\/ksi.ue.wroc.pl\/index.php\/przedmioty-dydaktyczne\/","title":{"rendered":"Przedmioty dydaktyczne"},"content":{"rendered":"\n<div class=\"wp-block-image\"><figure class=\"alignleft\"><img loading=\"lazy\" decoding=\"async\" width=\"300\" height=\"200\" src=\"http:\/\/ksi.ue.wroc.pl\/wp-content\/uploads\/2016\/09\/people-coffee-notes-tea-300x200.jpg\" alt=\"Startup Stock Photos\" class=\"wp-image-220\" srcset=\"https:\/\/ksi.ue.wroc.pl\/wp-content\/uploads\/2016\/09\/people-coffee-notes-tea-300x200.jpg 300w, https:\/\/ksi.ue.wroc.pl\/wp-content\/uploads\/2016\/09\/people-coffee-notes-tea-768x512.jpg 768w, https:\/\/ksi.ue.wroc.pl\/wp-content\/uploads\/2016\/09\/people-coffee-notes-tea-1024x683.jpg 1024w\" sizes=\"(max-width: 300px) 100vw, 300px\" \/><\/figure><\/div>\n\n\n\n<p><span style=\"font-size: 18pt;\"><strong>Wybrane przedmioty dydaktyczne prowadzone przez zesp\u00f3\u0142 Katedry System\u00f3w Informacyjnych<\/strong><\/span><\/p>\n\n\n\n<div class=\"wp-block-image\"><figure class=\"alignleft\"><a href=\"https:\/\/eportal.ue.wroc.pl\/course\/category.php?id=46\"><img loading=\"lazy\" decoding=\"async\" width=\"300\" height=\"225\" src=\"http:\/\/ksi.ue.wroc.pl\/wp-content\/uploads\/2016\/09\/moodle-300x225.png\" alt=\"moodle\" class=\"wp-image-225\" srcset=\"https:\/\/ksi.ue.wroc.pl\/wp-content\/uploads\/2016\/09\/moodle-300x225.png 300w, https:\/\/ksi.ue.wroc.pl\/wp-content\/uploads\/2016\/09\/moodle.png 400w\" sizes=\"(max-width: 300px) 100vw, 300px\" \/><\/a><\/figure><\/div>\n\n\n\n<p><br>Kursy dydaktyczne Katedry na platformie edukacyjnej <strong>moodle<\/strong>: <a href=\"https:\/\/eportal.ue.wroc.pl\/course\/category.php?id=46\">ePortal<\/a><\/p>\n\n\n\n<h5 class=\"wp-block-heading\">&nbsp;<\/h5>\n\n\n\n<h5 class=\"wp-block-heading\"><span style=\"font-family: arial, helvetica, sans-serif;\"><strong>Przedmioty prowadzone w j\u0119zyku polskim:<\/strong><\/span><\/h5>\n\n\n\n<ul><li><span style=\"font-family: arial, helvetica, sans-serif; font-size: 12pt;\">Technologie informacyjne<\/span><\/li><li><span style=\"font-family: arial, helvetica, sans-serif; font-size: 12pt;\">Podstawy system\u00f3w informacyjnych<\/span><\/li><li><span style=\"font-family: arial, helvetica, sans-serif; font-size: 12pt;\">Systemy informacyjne zarz\u0105dzania<\/span><\/li><li><span style=\"font-family: arial, helvetica, sans-serif; font-size: 12pt;\">Informatyka w zarz\u0105dzaniu<\/span><\/li><li><span style=\"font-family: arial, helvetica, sans-serif; font-size: 12pt;\">Analiza i projektowanie system\u00f3w<\/span><\/li><li><span style=\"font-family: arial, helvetica, sans-serif; font-size: 12pt;\">Sieci komputerowe i bezpiecze\u0144stwo<\/span><\/li><li><span style=\"font-family: arial, helvetica, sans-serif; font-size: 12pt;\">J\u0119zyki modelowania proces\u00f3w biznesowych<\/span><\/li><li><span style=\"font-family: arial, helvetica, sans-serif; font-size: 12pt;\">Interakcja cz\u0142owiek-komputer<\/span><\/li><li><span style=\"font-family: arial, helvetica, sans-serif; font-size: 12pt;\">In\u017cynieria proces\u00f3w biznesowych<\/span><\/li><li><span style=\"font-family: arial, helvetica, sans-serif; font-size: 12pt;\">Zarz\u0105dzanie danymi i informacj\u0105 w\u00a0organizacji<\/span><\/li><li><span style=\"font-family: arial, helvetica, sans-serif; font-size: 12pt;\">Us\u0142ugi sieciowe<\/span><\/li><li><span style=\"font-family: arial, helvetica, sans-serif; font-size: 12pt;\">Modelowanie potrzeb informacyjnych<\/span><\/li><li><span style=\"font-size: 12pt; font-family: arial, helvetica, sans-serif;\">In\u017cynieria oprogramowania<\/span><\/li><li><span style=\"font-family: arial, helvetica, sans-serif; font-size: 12pt;\">Integracja aplikacji i system\u00f3w<\/span><\/li><li><span style=\"font-family: arial, helvetica, sans-serif; font-size: 12pt;\">Optymalizacja i pozycjonowanie stron internetowych<\/span><\/li><li><span style=\"font-family: arial, helvetica, sans-serif; font-size: 12pt;\">Audyt system\u00f3w informatycznych<\/span><\/li><li><span style=\"font-family: arial, helvetica, sans-serif; font-size: 12pt;\">Administracja i utrzymanie system\u00f3w<\/span><\/li><li><span style=\"font-family: arial, helvetica, sans-serif; font-size: 12pt;\">Administrowanie systemami IT<\/span><\/li><li><span style=\"font-family: arial, helvetica, sans-serif; font-size: 12pt;\">Big Data<\/span><\/li><li><span style=\"font-family: arial, helvetica, sans-serif; font-size: 12pt;\">Big Data &#8211; analiza i predykcja<\/span><\/li><li><span style=\"font-family: arial, helvetica, sans-serif; font-size: 12pt;\">Programowanie aplikacji mobilnych<\/span><\/li><li><span style=\"font-family: arial, helvetica, sans-serif; font-size: 12pt;\">Wykorzystanie j\u0119zyka Python w analizie danych<\/span><\/li><li><span style=\"font-family: arial, helvetica, sans-serif; font-size: 12pt;\">Zastosowanie technologii Big Data<\/span><\/li><li><span style=\"font-family: arial, helvetica, sans-serif; font-size: 12pt;\">Zintegrowane systemy informacyjne<\/span><\/li><li><span style=\"font-family: arial, helvetica, sans-serif; font-size: 12pt;\">Business Intelligence i bazy danych<\/span><\/li><li><span style=\"font-family: arial, helvetica, sans-serif; font-size: 12pt;\">Seminaria licencjacki i magisterskie<\/span><\/li><li>&#8230;<\/li><\/ul>\n\n\n\n<h5 class=\"wp-block-heading\">&nbsp;<\/h5>\n\n\n\n<h5 class=\"wp-block-heading\"><span style=\"font-size: 12pt; font-family: arial, helvetica, sans-serif;\"><strong>Przedmioty prowadzone w j\u0119zyku angielskim:<\/strong><\/span><\/h5>\n\n\n\n<ul><li><span style=\"font-size: 12pt; font-family: arial, helvetica, sans-serif;\">Information Technology<\/span><\/li><li><span style=\"font-size: 12pt; font-family: arial, helvetica, sans-serif;\">Computer Science<\/span><\/li><li><span style=\"font-size: 12pt; font-family: arial, helvetica, sans-serif;\">Fundamentals of Information Systems<\/span><\/li><li><span style=\"font-size: 12pt; font-family: arial, helvetica, sans-serif;\">Management Information Systems<\/span><\/li><li><span style=\"font-size: 12pt; font-family: arial, helvetica, sans-serif;\">Systems Analysis &amp; Design<\/span><\/li><li><span style=\"font-size: 12pt; font-family: arial, helvetica, sans-serif;\">Computer Networks &amp; Security<\/span><\/li><li><span style=\"font-size: 12pt; font-family: arial, helvetica, sans-serif;\">IT Project Management<\/span><\/li><li><span style=\"font-size: 12pt; font-family: arial, helvetica, sans-serif;\">Business Process Modelling<\/span><\/li><li><span style=\"font-size: 12pt; font-family: arial, helvetica, sans-serif;\">Human-Computer Interaction<\/span><\/li><li><span style=\"font-size: 12pt; font-family: arial, helvetica, sans-serif;\">Internet Services<\/span><\/li><li><span style=\"font-size: 12pt; font-family: arial, helvetica, sans-serif;\">Integrated Information Systems<\/span><\/li><li><span style=\"font-size: 12pt; font-family: arial, helvetica, sans-serif;\">Programming of Mobile Applications<\/span><\/li><li><span style=\"font-size: 12pt; font-family: arial, helvetica, sans-serif;\">Big Data<\/span><\/li><li><span style=\"font-size: 12pt; font-family: arial, helvetica, sans-serif;\">Data Science<\/span><\/li><li><span style=\"font-size: 12pt; font-family: arial, helvetica, sans-serif;\">Data Science for Business<\/span><\/li><li><span style=\"font-size: 12pt; font-family: arial, helvetica, sans-serif;\">Software Engineering<\/span><\/li><li><span style=\"font-family: arial, helvetica, sans-serif; font-size: 12pt;\">Mobile Technologies<\/span><\/li><li>&#8230;<\/li><\/ul>\n","protected":false},"excerpt":{"rendered":"<p>Wybrane przedmioty dydaktyczne prowadzone przez zesp\u00f3\u0142 Katedry System\u00f3w Informacyjnych Kursy dydaktyczne Katedry na platformie edukacyjnej moodle: ePortal &nbsp; Przedmioty prowadzone w j\u0119zyku polskim: Technologie informacyjne Podstawy system\u00f3w informacyjnych Systemy informacyjne zarz\u0105dzania Informatyka w zarz\u0105dzaniu Analiza i projektowanie system\u00f3w Sieci komputerowe i bezpiecze\u0144stwo J\u0119zyki modelowania proces\u00f3w biznesowych Interakcja cz\u0142owiek-komputer In\u017cynieria proces\u00f3w biznesowych Zarz\u0105dzanie danymi i informacj\u0105&hellip;<\/p>\n","protected":false},"author":1,"featured_media":0,"parent":0,"menu_order":0,"comment_status":"closed","ping_status":"closed","template":"","meta":{"footnotes":""},"_links":{"self":[{"href":"https:\/\/ksi.ue.wroc.pl\/index.php\/wp-json\/wp\/v2\/pages\/215"}],"collection":[{"href":"https:\/\/ksi.ue.wroc.pl\/index.php\/wp-json\/wp\/v2\/pages"}],"about":[{"href":"https:\/\/ksi.ue.wroc.pl\/index.php\/wp-json\/wp\/v2\/types\/page"}],"author":[{"embeddable":true,"href":"https:\/\/ksi.ue.wroc.pl\/index.php\/wp-json\/wp\/v2\/users\/1"}],"replies":[{"embeddable":true,"href":"https:\/\/ksi.ue.wroc.pl\/index.php\/wp-json\/wp\/v2\/comments?post=215"}],"version-history":[{"count":24,"href":"https:\/\/ksi.ue.wroc.pl\/index.php\/wp-json\/wp\/v2\/pages\/215\/revisions"}],"predecessor-version":[{"id":1313,"href":"https:\/\/ksi.ue.wroc.pl\/index.php\/wp-json\/wp\/v2\/pages\/215\/revisions\/1313"}],"wp:attachment":[{"href":"https:\/\/ksi.ue.wroc.pl\/index.php\/wp-json\/wp\/v2\/media?parent=215"}],"curies":[{"name":"wp","href":"https:\/\/api.w.org\/{rel}","templated":true}]}}