{"id":1277,"date":"2020-01-18T23:00:03","date_gmt":"2020-01-18T22:00:03","guid":{"rendered":"http:\/\/ksi.ue.wroc.pl\/?page_id=1277"},"modified":"2020-02-15T13:14:07","modified_gmt":"2020-02-15T12:14:07","slug":"miedzynarodowa-konferencja-iccci-2020-wspolorganizowana-przez-katedre-systemow-informacyjnych","status":"publish","type":"page","link":"https:\/\/ksi.ue.wroc.pl\/index.php\/miedzynarodowa-konferencja-iccci-2020-wspolorganizowana-przez-katedre-systemow-informacyjnych\/","title":{"rendered":"Mi\u0119dzynarodowa konferencja ICCCI 2020, wsp\u00f3\u0142organizowana przez Katedr\u0119 System\u00f3w Informacyjnych"},"content":{"rendered":"\n<p><img loading=\"lazy\" decoding=\"async\" class=\"wp-image-1257 alignleft\" src=\"http:\/\/ksi.ue.wroc.pl\/wp-content\/uploads\/2020\/01\/logo1.png\" alt=\"\" width=\"115\" height=\"110\" \/>Serdecznie zapraszamy do wzi\u0119cia udzia\u0142u w mi\u0119dzynarodowej konferencji naukowej wsp\u00f3\u0142organizowanej przez Katedr\u0119 System\u00f3w Informacyjnych<br \/><br \/><b>12th International Conference on Computational Collective Intelligence 2020\u00a0<\/b><a href=\"https:\/\/iccci.pwr.edu.pl\/2020\/\">https:\/\/iccci.pwr.edu.pl\/2020\/<\/a><br \/>(27-29 lipca 2020, Da Nang, Wietnam)<br \/><br \/>Konferencja organizowana jest przez Politechnik\u0119 Wroc\u0142awsk\u0105, Uniwersytet Ekonomiczny we Wroc\u0142awiu oraz Vietnam-Korea Information Technology College we wsp\u00f3\u0142pracy z IEEE (Institute of Electrical and Electronics Engineers) oraz ERCIS (European Research Center for Information Systems).\u00a0 W szczeg\u00f3lno\u015bci zach\u0119camy do nadsy\u0142ania artyku\u0142\u00f3w na sesj\u0119 specjaln\u0105\u00a0<b>Special Session on Intelligent Management Information Systems 2020\u00a0<\/b>w ramach niniejszej konferencji:<br \/><a href=\"https:\/\/iccci.pwr.edu.pl\/2020\/download\/ICCCI_2020_Special_Session_%28IMIS_2020%29_CFP_v.2.0.pdf\">https:\/\/iccci.pwr.edu.pl\/2020\/download\/ICCCI_2020_Special_Session_(IMIS_2020)_CFP_v.2.0.pdf<\/a><br \/>Wsp\u00f3\u0142przewodnicz\u0105cym sesji jest Artur Rot.<\/p>\n<p>Zakwalifikowane artyku\u0142y uka\u017c\u0105 si\u0119 nak\u0142adem wydawnictwa Springer w ramach serii Lecture Notes in Computer Science\/Lecture Notes in Artificial Intelligence (jako rozdzia\u0142 w monografii Springer). Chcieliby\u015bmy r\u00f3wnie\u017c zwr\u00f3ci\u0107 Pa\u0144stwa uwag\u0119 na fakt, i\u017c materia\u0142y z niniejszej konferencji z ubieg\u0142ych lat nale\u017c\u0105 do 25% najcz\u0119\u015bciej pobieranych publikacji naukowych ze stron wyd. Springer.<br \/><br \/>Termin nadsy\u0142ania artyku\u0142\u00f3w to 15 lutego 2020 poprzez system easychair <a href=\"https:\/\/www.easychair.org\/conferences\/?conf=iccci20200\">https:\/\/www.easychair.org\/conferences\/?conf=iccci20200<\/a>\u00a0\u00a0<br \/><br \/>Serdecznie zapraszamy!\u00a0<br \/>\u00a0 \u00a0 \u00a0 \u00a0 \u00a0 \u00a0 \u00a0 \u00a0 \u00a0 \u00a0 \u00a0 \u00a0 \u00a0 \u00a0 \u00a0 \u00a0 \u00a0 \u00a0 \u00a0 \u00a0 \u00a0<\/p>\n<p><img loading=\"lazy\" decoding=\"async\" class=\"alignnone size-medium wp-image-1174\" src=\"http:\/\/ksi.ue.wroc.pl\/wp-content\/uploads\/2019\/07\/springer-logo-300x144.jpg\" sizes=\"(max-width: 300px) 100vw, 300px\" srcset=\"http:\/\/ksi.ue.wroc.pl\/wp-content\/uploads\/2019\/07\/springer-logo-300x144.jpg 300w, http:\/\/ksi.ue.wroc.pl\/wp-content\/uploads\/2019\/07\/springer-logo.jpg 462w\" alt=\"\" width=\"300\" height=\"144\" \/><\/p>\n<figure class=\"wp-block-image size-large is-resized\"><img loading=\"lazy\" decoding=\"async\" class=\"wp-image-1253\" src=\"http:\/\/ksi.ue.wroc.pl\/wp-content\/uploads\/2020\/01\/Logo_LNAI.png\" sizes=\"(max-width: 306px) 100vw, 306px\" srcset=\"http:\/\/ksi.ue.wroc.pl\/wp-content\/uploads\/2020\/01\/Logo_LNAI.png 800w, http:\/\/ksi.ue.wroc.pl\/wp-content\/uploads\/2020\/01\/Logo_LNAI-300x111.png 300w, http:\/\/ksi.ue.wroc.pl\/wp-content\/uploads\/2020\/01\/Logo_LNAI-768x284.png 768w\" alt=\"\" width=\"306\" height=\"113\" \/><\/figure>\n<p><img loading=\"lazy\" decoding=\"async\" class=\"alignnone  wp-image-1367\" src=\"http:\/\/ksi.ue.wroc.pl\/wp-content\/uploads\/2020\/02\/79131862_111722603652433_6249966495661555712_o-300x81.png\" alt=\"\" width=\"680\" height=\"184\" srcset=\"https:\/\/ksi.ue.wroc.pl\/wp-content\/uploads\/2020\/02\/79131862_111722603652433_6249966495661555712_o-300x81.png 300w, https:\/\/ksi.ue.wroc.pl\/wp-content\/uploads\/2020\/02\/79131862_111722603652433_6249966495661555712_o-1024x278.png 1024w, https:\/\/ksi.ue.wroc.pl\/wp-content\/uploads\/2020\/02\/79131862_111722603652433_6249966495661555712_o-768x208.png 768w, https:\/\/ksi.ue.wroc.pl\/wp-content\/uploads\/2020\/02\/79131862_111722603652433_6249966495661555712_o-1536x417.png 1536w, https:\/\/ksi.ue.wroc.pl\/wp-content\/uploads\/2020\/02\/79131862_111722603652433_6249966495661555712_o.png 1872w\" sizes=\"(max-width: 680px) 100vw, 680px\" \/> <img loading=\"lazy\" decoding=\"async\" class=\"alignnone  wp-image-1368\" src=\"http:\/\/ksi.ue.wroc.pl\/wp-content\/uploads\/2020\/02\/79778079_111717563652937_4534394452688502784_o-300x159.png\" alt=\"\" width=\"680\" height=\"360\" srcset=\"https:\/\/ksi.ue.wroc.pl\/wp-content\/uploads\/2020\/02\/79778079_111717563652937_4534394452688502784_o-300x159.png 300w, https:\/\/ksi.ue.wroc.pl\/wp-content\/uploads\/2020\/02\/79778079_111717563652937_4534394452688502784_o-1024x543.png 1024w, https:\/\/ksi.ue.wroc.pl\/wp-content\/uploads\/2020\/02\/79778079_111717563652937_4534394452688502784_o-768x407.png 768w, https:\/\/ksi.ue.wroc.pl\/wp-content\/uploads\/2020\/02\/79778079_111717563652937_4534394452688502784_o.png 1225w\" sizes=\"(max-width: 680px) 100vw, 680px\" \/>\u00a0<\/p>\n","protected":false},"excerpt":{"rendered":"<p>Serdecznie zapraszamy do wzi\u0119cia udzia\u0142u w mi\u0119dzynarodowej konferencji naukowej wsp\u00f3\u0142organizowanej przez Katedr\u0119 System\u00f3w Informacyjnych 12th International Conference on Computational Collective Intelligence 2020\u00a0https:\/\/iccci.pwr.edu.pl\/2020\/(27-29 lipca 2020, Da Nang, Wietnam) Konferencja organizowana jest przez Politechnik\u0119 Wroc\u0142awsk\u0105, Uniwersytet Ekonomiczny we Wroc\u0142awiu oraz Vietnam-Korea Information Technology College we wsp\u00f3\u0142pracy z IEEE (Institute of Electrical and Electronics Engineers) oraz ERCIS (European&hellip;<\/p>\n","protected":false},"author":1,"featured_media":0,"parent":0,"menu_order":0,"comment_status":"closed","ping_status":"closed","template":"","meta":{"footnotes":""},"_links":{"self":[{"href":"https:\/\/ksi.ue.wroc.pl\/index.php\/wp-json\/wp\/v2\/pages\/1277"}],"collection":[{"href":"https:\/\/ksi.ue.wroc.pl\/index.php\/wp-json\/wp\/v2\/pages"}],"about":[{"href":"https:\/\/ksi.ue.wroc.pl\/index.php\/wp-json\/wp\/v2\/types\/page"}],"author":[{"embeddable":true,"href":"https:\/\/ksi.ue.wroc.pl\/index.php\/wp-json\/wp\/v2\/users\/1"}],"replies":[{"embeddable":true,"href":"https:\/\/ksi.ue.wroc.pl\/index.php\/wp-json\/wp\/v2\/comments?post=1277"}],"version-history":[{"count":8,"href":"https:\/\/ksi.ue.wroc.pl\/index.php\/wp-json\/wp\/v2\/pages\/1277\/revisions"}],"predecessor-version":[{"id":1374,"href":"https:\/\/ksi.ue.wroc.pl\/index.php\/wp-json\/wp\/v2\/pages\/1277\/revisions\/1374"}],"wp:attachment":[{"href":"https:\/\/ksi.ue.wroc.pl\/index.php\/wp-json\/wp\/v2\/media?parent=1277"}],"curies":[{"name":"wp","href":"https:\/\/api.w.org\/{rel}","templated":true}]}}